{"id":13,"date":"2014-10-20T07:06:51","date_gmt":"2014-10-20T07:06:51","guid":{"rendered":"http:\/\/www.bmklawoffice.com\/eng\/?page_id=13"},"modified":"2025-01-28T09:09:47","modified_gmt":"2025-01-28T09:09:47","slug":"attorneys","status":"publish","type":"page","link":"https:\/\/www.bmklawoffice.com\/eng\/attorneys\/","title":{"rendered":"Attorneys"},"content":{"rendered":"<h2><strong>Attorneys<\/strong><\/h2>\n<hr \/>\n<p><strong>HASAN BIYIKLI, Attorney at Law, LL.M, PhD \u2013 FOUNDER (1945)<\/strong><\/p>\n<p><strong>Graduations:<\/strong>\u00a0Kastamonu High School (1963); Istanbul University Faculty of Law (1967); Doctor\u2019s Degree at Poitiers Law Faculty in (1973)<\/p>\n<p><strong>Memberships:\u00a0<\/strong>Ankara Bar Association (since 1982)<\/p>\n<p><strong>Charges :\u00a0<\/strong>Public Prosecutor, Ankara (1971-1980); Ministry of Justice Expertness of General Directorate of Prison and House Of Detention(1980-1981); Visiting Assistant Professor, Ankara University, Faculty of Communication, Law of Press (1993-2002); Visiting Assistant Professor, Law Faculty of Ba\u015fkent University, Criminal Law(2002-2007)<\/p>\n<p><strong>Works :\u00a0<\/strong>Precautions Applicable To Minor Guiltiness (1984); Social Criminal Law (1987); Criminal Capacity of Legal Persons (1987); Law of Press (1990)<\/p>\n<p><strong>Language:\u00a0<\/strong>Turkish and French<\/p>\n<hr \/>\n<p><strong>\u015eAH\u0130N MENG\u00dc, Attorney at Law \u2013 FOUNDER\u00a0(1948-2021)<\/strong><\/p>\n<p><strong>Graduations:\u00a0<\/strong>TED College Ankara (1966), Ankara University Faculty of Law (1972)<\/p>\n<p><strong>Memberships:\u00a0<\/strong>Ankara Bar Association (since 1975); Union International of Lawyers; Institution of Turkish Law; Turkish Education Association (TED); TED Association of Graduates;\u00a0Turkish Law Association<\/p>\n<p><strong>Charges : <\/strong>Membership of Board of Directors of the Bar Ankara(1994-1996); Membership of Board of Directors of TED (1995- 1997); Bar Association of Turkey General Secretariat\u00a0\u00a0 (2001-2005); Member of Parliament as CHP Manisa Deputy (2007-2012)<\/p>\n<p><strong>Languages :\u00a0<\/strong>Turkish and English<\/p>\n<hr \/>\n<p><strong>MUTLUHAN KARAG\u00d6ZO\u011eLU, Attorney at Law (1963)<\/strong><\/p>\n<p><strong>Graduations:<\/strong>\u00a0TED College Ankara (1981); Ankara University Faculty of Law (1986);<\/p>\n<p><strong>Memberships:\u00a0<\/strong>Ankara Bar Association (since 1987); TED Society of Graduates;\u00a0Turkish Law Association<\/p>\n<p><strong>Languages\u00a0<\/strong>Turkish and English<\/p>\n<hr \/>\n<p><strong>AHMET \u00c7\u00d6RTO\u011eLU, Attorney at Law (1962)<\/strong><\/p>\n<p><strong>Graduations:\u00a0<\/strong>TED College Ankara (1980); Ankara University Faculty of Law in 1988)<\/p>\n<p><strong>Membership :\u00a0<\/strong>Ankara Bar Association (sine 1989); TED Association of Graduates; Informatics Association of Turkey; Turkish Education Association;\u00a0Turkish Law Association<\/p>\n<p><strong>Charges:\u00a0<\/strong>Membership of Board of Directors of\u00a0 the Bar Ankara (1998-2000); Member of Board of Directors, Social Aid and Solidarity Foundation of Lawyers of Turkey (2003-2007); TED University Foundation Member of Board of Trustees (2007-\u2026);\u00a0 General Secretary of TED Ankara College Foundation (2006-2015); President of Board of Directors of TED Ankara College Foundation (2015-\u2026)<\/p>\n<p><strong>Languages\u00a0<\/strong>Turkish and English<\/p>\n<hr \/>\n<p><strong>\u015e\u00dcKR\u00dc EVR\u0130M \u0130NAL, Attorney at Law (1970)<\/strong><\/p>\n<p><strong>Graduation :<\/strong>Ankara Tevfik Fikret High School (1998); Ankara University Faculty of Law (1993)<\/p>\n<p><strong>Memberships:\u00a0<\/strong>Ankara Bar Association (1994); Association of Turkey- EU;\u00a0Turkish Law Association<\/p>\n<p><strong>Languages:<\/strong>\u00a0Turkish, French and English<\/p>\n<hr \/>\n<p><strong>EL\u0130F TI\u011eLI \u00d6ZC\u0130HAN\u00a0Attorney at Law (1982)<\/strong><\/p>\n<p><strong>Graduations:\u00a0<\/strong>Eski\u015fehir Anadolu High School (2000); Ankara University Faculty of Law (2006)<\/p>\n<p><strong>Memberships\u00a0<\/strong>Ankara Bar Association (since 2007), ELSA European Young Lawyers Association;\u00a0Turkish Law Association<\/p>\n<p><strong>Charges:<\/strong>\u00a0Turkey Electricity Distribution Company (2008-2011)<\/p>\n<p><strong>Languages<\/strong>\u00a0: Turkish and English<\/p>\n<hr \/>\n<p><strong>SITKI YA\u011eIZ BURAK \u00c7\u00d6RTO\u011eLU\u00a0Attorney at Law (1990)<\/strong><\/p>\n<p><strong>Graduations:\u00a0<\/strong>TED College Ankara (2007); Istanbul K\u00fclt\u00fcr University Faculty of Law (2011)<\/p>\n<p><strong>Memberships\u00a0<\/strong>Ankara Bar Association (since 2013),<\/p>\n<p><strong>Languages<\/strong>\u00a0: Turkish and English<\/p>\n<hr \/>\n<p><strong>SEM\u0130H ECER Attorney at Law (1990)<\/strong><\/p>\n<p><strong>Graduations:\u00a0<\/strong>Polatli High School (2007); Ankara University Faculty of Law (2013)<\/p>\n<p><strong>Memberships\u00a0<\/strong>Ankara Bar Association (since 2014), Turkish Criminal Law Association; ELSA<\/p>\n<p><strong>Languages<\/strong>\u00a0: Turkish, English and \u0130talian<\/p>\n","protected":false},"excerpt":{"rendered":"<p>Attorneys HASAN BIYIKLI, Attorney at Law, LL.M, PhD \u2013 FOUNDER (1945) Graduations:\u00a0Kastamonu High School (1963); Istanbul University Faculty of Law (1967); Doctor\u2019s Degree at Poitiers Law Faculty in (1973) Memberships:\u00a0Ankara Bar Association (since 1982) Charges :\u00a0Public Prosecutor, Ankara (1971-1980); Ministry of Justice Expertness of General Directorate of Prison and House Of Detention(1980-1981); Visiting Assistant Professor, [&hellip;]<\/p>\n","protected":false},"author":1,"featured_media":0,"parent":0,"menu_order":0,"comment_status":"closed","ping_status":"closed","template":"","meta":{"footnotes":""},"class_list":["post-13","page","type-page","status-publish","hentry"],"_links":{"self":[{"href":"https:\/\/www.bmklawoffice.com\/eng\/wp-json\/wp\/v2\/pages\/13","targetHints":{"allow":["GET"]}}],"collection":[{"href":"https:\/\/www.bmklawoffice.com\/eng\/wp-json\/wp\/v2\/pages"}],"about":[{"href":"https:\/\/www.bmklawoffice.com\/eng\/wp-json\/wp\/v2\/types\/page"}],"author":[{"embeddable":true,"href":"https:\/\/www.bmklawoffice.com\/eng\/wp-json\/wp\/v2\/users\/1"}],"replies":[{"embeddable":true,"href":"https:\/\/www.bmklawoffice.com\/eng\/wp-json\/wp\/v2\/comments?post=13"}],"version-history":[{"count":16,"href":"https:\/\/www.bmklawoffice.com\/eng\/wp-json\/wp\/v2\/pages\/13\/revisions"}],"predecessor-version":[{"id":115,"href":"https:\/\/www.bmklawoffice.com\/eng\/wp-json\/wp\/v2\/pages\/13\/revisions\/115"}],"wp:attachment":[{"href":"https:\/\/www.bmklawoffice.com\/eng\/wp-json\/wp\/v2\/media?parent=13"}],"curies":[{"name":"wp","href":"https:\/\/api.w.org\/{rel}","templated":true}]}}